What are the prime factors of v?
37, 83
Suppose 28*x - 132*x = -606112. List the prime factors of x.
2, 31, 47
Let w(l) = 56*l**2 - 34*l - 68. What are the prime factors of w(-11)?
2, 3541
Suppose 16*a - 122294 = 88906. What are the prime factors of a?
2, 3, 5, 11
Let b = -29360 - -52711. List the prime factors of b.
19, 1229
Let j be -57 + 1 + (-21)/(-7) + -7. List the prime factors of 2*4161/30 + 24/j.
277
Suppose 30 = 4*m - 2*k, -m + 0*k = -2*k - 15. Suppose -1001 = -m*i + 129. List the prime factors of i.
2, 113
Let l = 675 - 269. Suppose -69*y + 70*y - l = 0. What are the prime factors of y?
2, 7, 29
Suppose -20 = 12*v - 8*v, -4*v = -4*r + 64. Suppose -r*o - 935 = -5555. What are the prime factors of o?
2, 3, 5, 7
Suppose 194 - 38 = -6*z. List the prime factors of -39*(4 + 11/(-3))*z.
2, 13
Let t(v) = -161*v - 2. Let f = -114 - -119. Suppose 0 = 5*q - 10*q - f. What are the prime factors of t(q)?
3, 53
Let i(h) = 7*h**2 - 181*h + 136. List the prime factors of i(41).
2, 3, 83
Let c be (1 - 4)/((-5)/640). Let y = 266 - c. Let i = -52 - y. What are the prime factors of i?
2, 3, 11
Suppose -649 = -7*t - 4*t. What are the prime factors of (39 + -36)/((-115)/t + 2)?
59
Let c be (32/10)/(4 - 196/50). Let g be (-4)/18 - c/(-18). Suppose m + 228 = 5*x - 32, g*x - 2*m - 104 = 0. List the prime factors of x.
2, 13
Let d be -411*5/(-15 + 0). Suppose f = -0*f - j - 142, -f + 4*j = d. Let l = f + 276. What are the prime factors of l?
3, 5
Let k(j) be the first derivative of -j**4/4 - 7*j**3/3 - j**2 - 5*j + 1. Let i be k(-7). Suppose -i*p + 392 = -p. What are the prime factors of p?
7
Let m be (654/(-15))/(11/(-5) - -2). Let l = m - 107. Let r = l - 89. List the prime factors of r.
2, 11
Suppose 77042 = 2*i + 3*m, -134*i - 38530 = -135*i + 3*m. List the prime factors of i.
2, 9631
Suppose -122*i + 128*i - 16206 = 0. List the prime factors of i.
37, 73
Suppose 55530 = 27*q - 178020. What are the prime factors of q?
2, 5, 173
Suppose -28*q = -81 - 143. List the prime factors of -188*((-14)/q + -1).
11, 47
Let h = 129 - 135. Let v(s) = -39*s - 77. List the prime factors of v(h).
157
List the prime factors of 2375 - 1 - (-354)/(-118).
2371
What are the prime factors of 30/80 + (-377960)/(-64)?
2, 2953
Let s(q) = 3*q**3 + 2*q**2 - 3*q - 4. Let l be s(5). Suppose -4*c - 5 = -d + l, 0 = c - 1. List the prime factors of d.
5, 83
Suppose -5228 = -18*h + 7174. List the prime factors of h.
13, 53
Let v(s) = 2*s**3 + s. Let z be v(-1). Let w = z + 6. Suppose 2*y - 117 = -f, -4*f - w*y + 144 + 314 = 0. What are the prime factors of f?
113
Let g be (1/2)/(36/216). Suppose 5*o - 372 = -a, g*a - 2*o = 1270 - 137. List the prime factors of a.
13, 29
Let x = -38 + 74. Suppose -x = -4*a - 8. Suppose 5*t = -2*u + a*u + 285, t - 37 = -4*u. List the prime factors of t.
53
Let z(q) = -3*q - 1. Let m(y) = -42*y - 329. Let h(d) = m(d) - 6*z(d). What are the prime factors of h(-16)?
61
Let o = 117 - 581. Let d be 4710/(3 - -2)*2/(-6). Let r = d - o. What are the prime factors of r?
2, 3, 5
Let l(d) = 3*d**3 + 103*d**2 + 36*d - 11. What are the prime factors of l(-21)?
47, 359
Suppose 3*w = 5*a + 255, -2*w = -2*a - 2*a - 202. Let v = a - -297. What are the prime factors of v?
3, 83
Let s(t) = -6*t - 8. Let a be s(-5). Suppose a = 5*d - 3. Suppose -2*z + 0*z + 152 = 4*h, 5*h - 365 = -d*z. List the prime factors of z.
2, 5, 7
Let f be (-2)/4 + (1 - (-3255)/6). Let l(s) = 18*s**2 + 31*s - 14. Let o be l(-15). Suppose -f - o = -17*z. What are the prime factors of z?
2, 11
Suppose 3*m - 14487 = -d + 10450, 0 = -2*d + 8. What are the prime factors of m?
8311
Suppose 18*u - 2*q = 15*u + 13832, 23070 = 5*u + 5*q. What are the prime factors of u?
2, 1153
Suppose -10 + 50 = 5*r. Suppose -12 = -2*v + 2*f, -5*v - 5*f - 10 - 20 = 0. What are the prime factors of ((-20)/(-5) - v) + r?
2, 3
Let t(h) = h**3 - 15*h**2 - 42*h - 28. Let r be t(18). Suppose f - 55 = 5*n + r, 2*f - 421 = -3*n. Suppose 0 = y - f - 19. What are the prime factors of y?
3, 79
Let p(u) = 4*u**3 + 13*u**2 - 15*u + 25. Let w(m) = -3*m**3 - 13*m**2 + 15*m - 26. Let n(a) = -2*p(a) - 3*w(a). List the prime factors of n(-12).
2, 11
Let c = 127 + -193. List the prime factors of (-16)/(-56) - c/14.
5
Let f(t) = -t**3 - 65*t**2 - 325*t - 434. What are the prime factors of f(-60)?
2, 13, 41
Suppose -21237 - 214845 = -77*h. List the prime factors of h.
2, 3, 7, 73
Let u = 17900 + -4957. List the prime factors of u.
7, 43
Let l(m) = -m**3 - 39*m**2 + m + 39. Let h be l(-39). List the prime factors of h - 56/8 - -954.
947
Let d(v) = -21*v**3 + 31*v**2 + 358*v + 91. What are the prime factors of d(-15)?
31, 2341
Suppose 24 = -10*q + 54. Suppose q*j = -15, 5*p - 441 = j + 1884. What are the prime factors of p?
2, 29
Suppose 34617 = 50*c - 31901 - 38132. List the prime factors of c.
7, 13, 23
Suppose 916*w - 927*w = -37400. What are the prime factors of w?
2, 5, 17
Let n(z) = 138*z - 2. Let h be n(-2). Let d = 428 + h. Suppose 4*m - g - 79 = 4*g, d = 5*m + 4*g. What are the prime factors of m?
2, 13
Let t(p) = 264*p**2 - 9*p + 9. Let f = -100 - -101. List the prime factors of t(f).
2, 3, 11
Let z = -256 - -251. What are the prime factors of 74/(z*2*4/(-20))?
37
Let f = 671 + -654. Suppose -f = -n - 14. What are the prime factors of n?
3
Let k(h) = 2*h**3 + 5*h**2 + 9*h + 8. Let n be k(-5). Let r = -65 - n. What are the prime factors of (r*(-1)/3)/(2/(-6))?
97
Suppose -6 = 2*q, -4*q = -s + q + 17. Suppose -5*j = 3*a - 1273, s*a - 4*j - j - 882 = 0. List the prime factors of a.
431
Suppose -d + 24221 = 5*p, 4*d + 2*p + 68085 - 164825 = 0. List the prime factors of d.
24181
Suppose -8*c - 7*c + 169072 = -27248. What are the prime factors of c?
2, 409
Let j(x) = x**3 - 9*x**2 - 193*x + 79. What are the prime factors of j(24)?
61, 67
Suppose 5*s + 18821 = 2*o, 4*o - 15*s + 14*s = 37651. List the prime factors of o.
9413
Let s(g) = -g - 25. Let t be s(-7). Let i = t + 12. Let w = 12 - i. What are the prime factors of w?
2, 3
Let m(p) = -3*p + 2. Let v be m(7). Let y be 15/(-20)*(v + 3). Suppose 918 = -3*t + y*t. List the prime factors of t.
2, 3, 17
Let a(m) = 34*m**2 - 14*m + 169. What are the prime factors of a(12)?
59, 83
Suppose 0 = 4*a - l + 5*l - 16, 0 = -2*a + 2*l + 20. Suppose 411 - 3015 = -a*s. List the prime factors of s.
2, 3, 31
Let t = -10 + -17. Let h = -18 + t. List the prime factors of 2166/27 - (-10)/h.
2, 5
Let k(p) = -10*p**3 + 2*p**2 - 7*p - 23. Let m be k(-4). Suppose 4*r - m = -5*a, 4*r + 133 = 2*a - 149. List the prime factors of a.
137
What are the prime factors of (-10 - (-26)/39*12/(-8))*-2165?
5, 11, 433
Suppose 3*h - 10512 = -13*h. Let t = -269 + h. What are the prime factors of t?
2, 97
Suppose 64*c - 67*c = -57. Suppose -c*l + 5972 = -1932. What are the prime factors of l?
2, 13
Suppose 0 = 12*q - 8*q + 1268. What are the prime factors of q/(-5) + (-69)/(-115)?
2
Suppose -171 = 16*z + 69. List the prime factors of (2 + -7)*837/z.
3, 31
Suppose j = -3*j - 4*w + 64412, -j + 16097 = -5*w. List the prime factors of j.
2, 83, 97
Let s = -1771 + 4470. List the prime factors of s.
2699
Let k(l) = 8*l - 4. Let f be (-4 - -5)*(-1 + 3). Let n be k(f). Suppose 24 = -6*t + n*t. List the prime factors of t.
2
Let d = 100502 - 70921. What are the prime factors of d?
29581
Let f be (-2)/(-9)*(-288)/(-16). Suppose f*r + 0*r + w - 3088 = 0, 0 = 4*r + 5*w - 3088. List the prime factors of r.
2, 193
Suppose -2*c - 5257 = -2*m - c, 5 = c. List the prime factors of m.
3, 877
Let d(t) = 4*t**2 + 19*t - 27. List the prime factors of d(31).
2, 2203
Let q(h) be the second derivative of h**5/20 - h**4 + 23*h**3/6 + 33*h**2/2 + 76*h. List the prime factors of q(14).
3, 83
Let o(n) = 117*n**2 + 85*n - 858. What are the prime factors of o(10)?
2, 37, 79
Suppose 3*m + 333078 - 122982 = 6*u, -u - m + 35010 = 0. List the prime factors of u.
2, 7, 41, 61
List the prime factors of (1625/(-100)*6/15)/(1/(-206)).
13, 103
Let n(b) = -b**3 + 8*b**2 + 18*b - 3. Let c be n(-2). List the prime factors of c + (-4 - 538*12/(-8)).
2, 3, 67
Let r(d) = 18*d**2 + 3*d + 4. Let s be (2/6)/(84/(-18) + 5). Let z(i) = i**2 - i - 1. Let a(f) = s*r(f) + 6*z(f). What are the prime factors of a(-1)?
5
Suppose -3*b - 5*k = -137, 5*b + 0*k = -k + 265. Let n(l) = l